{"id":270,"date":"2021-11-09T21:52:06","date_gmt":"2021-11-09T21:52:06","guid":{"rendered":"https:\/\/comunicacion.davivienda.com.sv\/registro-soluciones-empresariales\/?page_id=270"},"modified":"2024-03-02T16:30:32","modified_gmt":"2024-03-02T16:30:32","slug":"registro-soluciones-empresariales","status":"publish","type":"page","link":"https:\/\/comunicacion.davivienda.com.sv\/registro-soluciones-empresariales\/","title":{"rendered":"Registro Soluciones Empresariales"},"content":{"rendered":"<p><div class=\"fusion-fullwidth fullwidth-box fusion-builder-row-1 fusion-flex-container fusion-parallax-none hundred-percent-fullwidth non-hundred-percent-height-scrolling\" style=\"background-color: rgba(0,0,0,0.25);background-image: url(&quot;https:\/\/comunicacion.davivienda.com.sv\/registro-soluciones-empresariales\/wp-content\/uploads\/2021\/11\/portrait-of-bakery-seller-with-arms-crossed-standing-in-front-of-shelf-full-of-bred-bagels-and-pastry-e1636565421481.jpg&quot;);background-position: left center;background-repeat: no-repeat;background-blend-mode: multiply;border-width: 0px 0px 0px 0px;border-color:#e2e2e2;border-style:solid;-webkit-background-size:cover;-moz-background-size:cover;-o-background-size:cover;background-size:cover;\" ><div class=\"fusion-builder-row fusion-row fusion-flex-align-items-flex-start fusion-flex-align-content-center\" style=\"width:104% !important;max-width:104% !important;margin-left: calc(-4% \/ 2 );margin-right: calc(-4% \/ 2 );\"><div class=\"fusion-layout-column fusion_builder_column fusion-builder-column-0 fusion_builder_column_1_4 1_4 fusion-flex-column columna-fija\"><div class=\"fusion-column-wrapper fusion-flex-justify-content-flex-start fusion-content-layout-column\" style=\"background-position:left top;background-repeat:no-repeat;-webkit-background-size:cover;-moz-background-size:cover;-o-background-size:cover;background-size:cover;padding: 0px 0px 0px 0px;\"><div ><span class=\" fusion-imageframe imageframe-none imageframe-1 hover-type-none\" style=\"width:100%;max-width:80px;margin-bottom:30px;\"><img decoding=\"async\" width=\"559\" height=\"364\" title=\"icono-davi-02\" src=\"https:\/\/comunicacion.davivienda.com.sv\/registro-soluciones-empresariales\/wp-content\/uploads\/2021\/05\/icono-davi-02.png\" class=\"img-responsive wp-image-78\" srcset=\"https:\/\/comunicacion.davivienda.com.sv\/registro-soluciones-empresariales\/wp-content\/uploads\/2021\/05\/icono-davi-02-200x130.png 200w, https:\/\/comunicacion.davivienda.com.sv\/registro-soluciones-empresariales\/wp-content\/uploads\/2021\/05\/icono-davi-02-400x260.png 400w, https:\/\/comunicacion.davivienda.com.sv\/registro-soluciones-empresariales\/wp-content\/uploads\/2021\/05\/icono-davi-02.png 559w\" sizes=\"(max-width: 960px) 100vw, 400px\" \/><\/span><\/div><style type=\"text\/css\">@media only screen and (max-width:1280px) {.fusion-title.fusion-title-1{margin-top:0px!important; margin-right:0px!important;margin-bottom:20px!important;margin-left:0px!important;}}@media only screen and (max-width:960px) {.fusion-title.fusion-title-1{margin-top:0px!important; margin-right:0px!important;margin-bottom:20px!important; margin-left:0px!important;}}<\/style><div class=\"fusion-title title fusion-title-1 fusion-sep-none fusion-title-text fusion-title-size-two\" style=\"text-shadow:2px 4px 8px rgba(0,0,0,0.6);;margin-top:0px;margin-right:0px;margin-bottom:20px;margin-left:0px;\"><h2 class=\"title-heading-left\" style=\"margin:0;color:#ffffff;\"><strong> Conozca las soluciones empresariales que tenemos para usted.<\/strong><\/h2><\/div><style type=\"text\/css\">@media only screen and (max-width:1280px) {.fusion-title.fusion-title-2{margin-top:0px!important; margin-right:0px!important;margin-bottom:20px!important;margin-left:0px!important;}}@media only screen and (max-width:960px) {.fusion-title.fusion-title-2{margin-top:0px!important; margin-right:0px!important;margin-bottom:20px!important; margin-left:0px!important;}}<\/style><div class=\"fusion-title title fusion-title-2 fusion-sep-none fusion-title-text fusion-title-size-two\" style=\"font-size:24px;text-shadow:2px 4px 6px rgba(0,0,0,0.6);;margin-top:0px;margin-right:0px;margin-bottom:20px;margin-left:0px;\"><h2 class=\"title-heading-left\" style=\"margin:0;font-size:1em;color:#ffffff;\"><strong>Complete su informaci\u00f3n para ser contactado por un asesor.<\/strong><\/h2><\/div><\/div><style type=\"text\/css\">.fusion-body .fusion-builder-column-0{width:25% !important;margin-top : 0px;margin-bottom : 20px;}.fusion-builder-column-0 > .fusion-column-wrapper {padding-top : 0px !important;padding-right : 0px !important;margin-right : 7.68%;padding-bottom : 0px !important;padding-left : 0px !important;margin-left : 7.68%;}@media only screen and (max-width:1280px) {.fusion-body .fusion-builder-column-0{width:33.333333333333% !important;order : 0;}.fusion-builder-column-0 > .fusion-column-wrapper {margin-right : 5.76%;margin-left : 5.76%;}}@media only screen and (max-width:960px) {.fusion-body .fusion-builder-column-0{width:66.666666666667% !important;order : 0;}.fusion-builder-column-0 > .fusion-column-wrapper {margin-right : 2.88%;margin-left : 2.88%;}}<\/style><\/div><div class=\"fusion-layout-column fusion_builder_column fusion-builder-column-1 fusion_builder_column_1_2 1_2 fusion-flex-column\"><div class=\"fusion-column-wrapper fusion-flex-justify-content-flex-start fusion-content-layout-column\" style=\"background-position:left top;background-repeat:no-repeat;-webkit-background-size:cover;-moz-background-size:cover;-o-background-size:cover;background-size:cover;background-color:rgba(255,255,255,0.7);padding: 30px 30px 30px 30px;\"><style type=\"text\/css\">@media only screen and (max-width:1280px) {.fusion-title.fusion-title-3{margin-top:0px!important; margin-right:0px!important;margin-bottom:20px!important;margin-left:0px!important;}}@media only screen and (max-width:960px) {.fusion-title.fusion-title-3{margin-top:0px!important; margin-right:0px!important;margin-bottom:20px!important; margin-left:0px!important;}}<\/style><div class=\"fusion-title title fusion-title-3 fusion-sep-none fusion-title-center fusion-title-text fusion-title-size-two\" style=\"margin-top:0px;margin-right:0px;margin-bottom:20px;margin-left:0px;\"><h2 class=\"title-heading-center\" style=\"margin:0;color:#e3181f;\"><strong> Reg\u00edstrese<\/strong><\/h2><\/div>\n<div class=\"wpcf7 no-js\" id=\"wpcf7-f275-o1\" lang=\"es-ES\" dir=\"ltr\" data-wpcf7-id=\"275\">\n<div class=\"screen-reader-response\"><p role=\"status\" aria-live=\"polite\" aria-atomic=\"true\"><\/p> <ul><\/ul><\/div>\n<form action=\"\/registro-soluciones-empresariales\/wp-json\/wp\/v2\/pages\/270#wpcf7-f275-o1\" method=\"post\" class=\"wpcf7-form init\" aria-label=\"Formulario de contacto\" novalidate=\"novalidate\" data-status=\"init\">\n<div style=\"display: none;\">\n<input type=\"hidden\" name=\"_wpcf7\" value=\"275\" \/>\n<input type=\"hidden\" name=\"_wpcf7_version\" value=\"6.0.3\" \/>\n<input type=\"hidden\" name=\"_wpcf7_locale\" value=\"es_ES\" \/>\n<input type=\"hidden\" name=\"_wpcf7_unit_tag\" value=\"wpcf7-f275-o1\" \/>\n<input type=\"hidden\" name=\"_wpcf7_container_post\" value=\"0\" \/>\n<input type=\"hidden\" name=\"_wpcf7_posted_data_hash\" value=\"\" \/>\n<input type=\"hidden\" name=\"_wpcf7cf_hidden_group_fields\" value=\"[]\" \/>\n<input type=\"hidden\" name=\"_wpcf7cf_hidden_groups\" value=\"[]\" \/>\n<input type=\"hidden\" name=\"_wpcf7cf_visible_groups\" value=\"[]\" \/>\n<input type=\"hidden\" name=\"_wpcf7cf_repeaters\" value=\"[]\" \/>\n<input type=\"hidden\" name=\"_wpcf7cf_steps\" value=\"{}\" \/>\n<input type=\"hidden\" name=\"_wpcf7cf_options\" value=\"{&quot;form_id&quot;:275,&quot;conditions&quot;:[{&quot;then_field&quot;:&quot;group-676&quot;,&quot;and_rules&quot;:[{&quot;if_field&quot;:&quot;cliente&quot;,&quot;operator&quot;:&quot;equals&quot;,&quot;if_value&quot;:&quot;Si&quot;}]}],&quot;settings&quot;:{&quot;animation&quot;:&quot;yes&quot;,&quot;animation_intime&quot;:&quot;200&quot;,&quot;animation_outtime&quot;:&quot;200&quot;,&quot;conditions_ui&quot;:&quot;normal&quot;,&quot;notice_dismissed&quot;:&quot;&quot;}}\" \/>\n<\/div>\n<div class=\"col-md-12\">\n\t<center>\n\t\t<p><span style=\"font-weight: 700; font-size: 20px; color: #FFFFFF; background-color: #e3181f; padding: 8px 16px;\">INFORMACI\u00d3N DE SU NEGOCIO<\/span>\n\t\t<\/p>\n\t<\/center>\n<\/div>\n<div class=\"col-md-6\">\n\t<p>Nombre de Negocio*<br \/>\n<span class=\"wpcf7-form-control-wrap\" data-name=\"nombre-negocio\"><input size=\"40\" maxlength=\"400\" class=\"wpcf7-form-control wpcf7-text wpcf7-validates-as-required\" aria-required=\"true\" aria-invalid=\"false\" placeholder=\"Nombre de Negocio\" value=\"\" type=\"text\" name=\"nombre-negocio\" \/><\/span>\n\t<\/p>\n<\/div>\n<div class=\"col-md-6\">\n\t<p>NIT del Negocio*<br \/>\n<span class=\"wpcf7-form-control-wrap\" data-name=\"nit\"><input size=\"40\" maxlength=\"400\" class=\"wpcf7-form-control wpcf7-text wpcf7-validates-as-required\" aria-required=\"true\" aria-invalid=\"false\" placeholder=\"Adicionar guiones\" value=\"\" type=\"text\" name=\"nit\" \/><\/span>\n\t<\/p>\n<\/div>\n<div class=\"col-md-6\">\n\t<p>Ubicaci\u00f3n de Negocio*<br \/>\n<span class=\"wpcf7-form-control-wrap\" data-name=\"ubicacion\"><input size=\"40\" maxlength=\"400\" class=\"wpcf7-form-control wpcf7-text wpcf7-validates-as-required\" aria-required=\"true\" aria-invalid=\"false\" placeholder=\"Departamento\/Municipio\" value=\"\" type=\"text\" name=\"ubicacion\" \/><\/span>\n\t<\/p>\n<\/div>\n<div class=\"col-md-6\">\n\t<p>Nivel de Ventas Anual*<br \/>\n<span class=\"wpcf7-form-control-wrap\" data-name=\"nivel-venta\"><select class=\"wpcf7-form-control wpcf7-select wpcf7-validates-as-required\" aria-required=\"true\" aria-invalid=\"false\" name=\"nivel-venta\"><option value=\"\">&#8212;Por favor, elige una opci\u00f3n&#8212;<\/option><option value=\"Menos de 60,000\">Menos de 60,000<\/option><option value=\"60,000 - 250,000\">60,000 - 250,000<\/option><option value=\"250,000 - 500,000\">250,000 - 500,000<\/option><option value=\"500,000 - 750,000\">500,000 - 750,000<\/option><option value=\"750,000 - 1,000,000\">750,000 - 1,000,000<\/option><option value=\"Arriba de 1,000,000\">Arriba de 1,000,000<\/option><option value=\"Prefiero no indicar\">Prefiero no indicar<\/option><\/select><\/span>\n\t<\/p>\n<\/div>\n<div class=\"col-md-6\">\n\t<p>\u00bfEs cliente de Banco Davivienda?*<br \/>\n<span class=\"wpcf7-form-control-wrap\" data-name=\"cliente\"><select class=\"wpcf7-form-control wpcf7-select wpcf7-validates-as-required\" aria-required=\"true\" aria-invalid=\"false\" name=\"cliente\"><option value=\"\">&#8212;Por favor, elige una opci\u00f3n&#8212;<\/option><option value=\"Si\">Si<\/option><option value=\"No\">No<\/option><\/select><\/span>\n\t<\/p>\n<\/div>\n<div class=\"col-md-6\">\n\t<div data-id=\"group-676\" data-orig_data_id=\"group-676\"  data-class=\"wpcf7cf_group\">\n\t\t<p>\u00bfPosee productos vigentes Banco Davivienda?*<br \/>\n<span class=\"wpcf7-form-control-wrap\" data-name=\"productos\"><select class=\"wpcf7-form-control wpcf7-select\" aria-invalid=\"false\" name=\"productos\"><option value=\"\">&#8212;Por favor, elige una opci\u00f3n&#8212;<\/option><option value=\"Si\">Si<\/option><option value=\"No\">No<\/option><\/select><\/span>\n\t\t<\/p>\n\t<\/div>\n<\/div>\n<div class=\"col-md-12\">\n\t<center>\n\t\t<p><span style=\"font-weight: 700; margin-top: 40px; font-size: 20px; color: #FFFFFF; background-color: #e3181f; padding: 8px 16px;\">INFORMACI\u00d3N DE CONTACTO<\/span>\n\t\t<\/p>\n\t<\/center>\n<\/div>\n<div class=\"col-md-6\">\n\t<p>Nombre de Contacto*<br \/>\n<span class=\"wpcf7-form-control-wrap\" data-name=\"nombre-contacto\"><input size=\"40\" maxlength=\"400\" class=\"wpcf7-form-control wpcf7-text wpcf7-validates-as-required\" aria-required=\"true\" aria-invalid=\"false\" placeholder=\"Nombre de Contacto\" value=\"\" type=\"text\" name=\"nombre-contacto\" \/><\/span>\n\t<\/p>\n<\/div>\n<div class=\"col-md-6\">\n\t<p>Celular de Contacto*<br \/>\n<span class=\"wpcf7-form-control-wrap\" data-name=\"tel-359\"><input size=\"40\" maxlength=\"400\" class=\"wpcf7-form-control wpcf7-tel wpcf7-validates-as-required wpcf7-text wpcf7-validates-as-tel\" aria-required=\"true\" aria-invalid=\"false\" placeholder=\"No adicionar guiones\" value=\"\" type=\"tel\" name=\"tel-359\" \/><\/span>\n\t<\/p>\n<\/div>\n<div class=\"col-md-6\">\n\t<p>Correo Electr\u00f3nico de Contacto*<br \/>\n<span class=\"wpcf7-form-control-wrap\" data-name=\"email-310\"><input size=\"40\" maxlength=\"400\" class=\"wpcf7-form-control wpcf7-email wpcf7-validates-as-required wpcf7-text wpcf7-validates-as-email\" aria-required=\"true\" aria-invalid=\"false\" placeholder=\"ejemplo@ejemplo.com\" value=\"\" type=\"email\" name=\"email-310\" \/><\/span>\n\t<\/p>\n<\/div>\n<div class=\"col-md-12\">\n\t<p>Describa su solicitud*<br \/>\n<span class=\"wpcf7-form-control-wrap\" data-name=\"textarea-608\"><textarea cols=\"40\" rows=\"10\" maxlength=\"2000\" class=\"wpcf7-form-control wpcf7-textarea wpcf7-validates-as-required\" aria-required=\"true\" aria-invalid=\"false\" placeholder=\"Describa su solicitud\" name=\"textarea-608\"><\/textarea><\/span>\n\t<\/p>\n<\/div>\n<div class=\"col-md-12\">\n\t<center>\n\t\t<p><input class=\"wpcf7-form-control wpcf7-submit has-spinner\" type=\"submit\" value=\"Enviar\" \/>\n\t\t<\/p>\n\t<\/center>\n<\/div><input type='hidden' class='wpcf7-pum' value='{\"closepopup\":false,\"closedelay\":0,\"openpopup\":false,\"openpopup_id\":0}' \/><div class=\"fusion-alert alert custom alert-custom fusion-alert-center wpcf7-response-output alert-dismissable\" style=\"border-width:1px;\"><button type=\"button\" class=\"close toggle-alert\" data-dismiss=\"alert\" aria-hidden=\"true\">&times;<\/button><div class=\"fusion-alert-content-wrapper\"><span class=\"fusion-alert-content\"><\/span><\/div><\/div>\n<\/form>\n<\/div>\n<\/div><style type=\"text\/css\">.fusion-body .fusion-builder-column-1{width:50% !important;margin-top : 0px;margin-bottom : 100px;}.fusion-builder-column-1 > .fusion-column-wrapper {padding-top : 30px !important;padding-right : 30px !important;margin-right : 3.84%;padding-bottom : 30px !important;padding-left : 30px !important;margin-left : 3.84%;}@media only screen and (max-width:1280px) {.fusion-body .fusion-builder-column-1{width:60% !important;order : 0;}.fusion-builder-column-1 > .fusion-column-wrapper {margin-right : 3.2%;margin-left : 3.2%;}}@media only screen and (max-width:960px) {.fusion-body .fusion-builder-column-1{width:100% !important;order : 0;}.fusion-builder-column-1 > .fusion-column-wrapper {margin-right : 1.92%;margin-left : 1.92%;}}<\/style><\/div><\/div><style type=\"text\/css\">.fusion-body .fusion-flex-container.fusion-builder-row-1{ padding-top : 180px;margin-top : 0px;padding-right : 0px;padding-bottom : 50px;margin-bottom : 0px;padding-left : 0px;}<\/style><\/div><div class=\"fusion-fullwidth fullwidth-box fusion-builder-row-2 fusion-flex-container hundred-percent-fullwidth non-hundred-percent-height-scrolling\" style=\"background-color: #1a1a1a;background-position: center center;background-repeat: no-repeat;border-width: 0px 0px 0px 0px;border-color:#e2e2e2;border-style:solid;\" ><div class=\"fusion-builder-row fusion-row fusion-flex-align-items-flex-start fusion-flex-justify-content-center\" style=\"width:104% !important;max-width:104% !important;margin-left: calc(-4% \/ 2 );margin-right: calc(-4% \/ 2 );\"><div class=\"fusion-layout-column fusion_builder_column fusion-builder-column-2 fusion_builder_column_3_5 3_5 fusion-flex-column\"><div class=\"fusion-column-wrapper fusion-flex-justify-content-flex-start fusion-content-layout-column\" style=\"background-position:left top;background-repeat:no-repeat;-webkit-background-size:cover;-moz-background-size:cover;-o-background-size:cover;background-size:cover;padding: 0px 0px 0px 0px;\"><div class=\"fusion-text fusion-text-1\" style=\"text-align:center;font-size:14px;color:#ffffff;\"><p>Recuerde que por su seguridad el Banco Davivienda Salvadore\u00f1o S.A. nunca solicita a trav\u00e9s de este medio informaci\u00f3n confidencial o financiera como usuarios y claves de acceso a nuestros canales, ni n\u00fameros de productos como cuentas, n\u00fameros de tarjetas de cr\u00e9dito o similares.<\/p>\n<\/div><div style=\"text-align:center;\"><span class=\" fusion-imageframe imageframe-none imageframe-2 hover-type-none\"><img decoding=\"async\" width=\"288\" height=\"28\" title=\"logo-davivienda (1)\" src=\"https:\/\/comunicacion.davivienda.com.sv\/registro-soluciones-empresariales\/wp-content\/uploads\/2021\/03\/logo-davivienda-1.png\" class=\"img-responsive wp-image-42\" srcset=\"https:\/\/comunicacion.davivienda.com.sv\/registro-soluciones-empresariales\/wp-content\/uploads\/2021\/03\/logo-davivienda-1-200x19.png 200w, https:\/\/comunicacion.davivienda.com.sv\/registro-soluciones-empresariales\/wp-content\/uploads\/2021\/03\/logo-davivienda-1.png 288w\" sizes=\"(max-width: 960px) 100vw, 288px\" \/><\/span><\/div><\/div><style type=\"text\/css\">.fusion-body .fusion-builder-column-2{width:60% !important;margin-top : 0px;margin-bottom : 20px;}.fusion-builder-column-2 > .fusion-column-wrapper {padding-top : 0px !important;padding-right : 0px !important;margin-right : 3.2%;padding-bottom : 0px !important;padding-left : 0px !important;margin-left : 3.2%;}@media only screen and (max-width:1280px) {.fusion-body .fusion-builder-column-2{width:60% !important;order : 0;}.fusion-builder-column-2 > .fusion-column-wrapper {margin-right : 3.2%;margin-left : 3.2%;}}@media only screen and (max-width:960px) {.fusion-body .fusion-builder-column-2{width:100% !important;order : 0;}.fusion-builder-column-2 > .fusion-column-wrapper {margin-right : 1.92%;margin-left : 1.92%;}}<\/style><\/div><\/div><style type=\"text\/css\">.fusion-body .fusion-flex-container.fusion-builder-row-2{ padding-top : 40px;margin-top : 0px;padding-right : 0px;padding-bottom : 0px;margin-bottom : 0px;padding-left : 0px;}<\/style><\/div><\/p>\n","protected":false},"excerpt":{"rendered":"","protected":false},"author":1,"featured_media":0,"parent":0,"menu_order":0,"comment_status":"closed","ping_status":"closed","template":"100-width.php","meta":{"footnotes":""},"class_list":["post-270","page","type-page","status-publish","hentry"],"_links":{"self":[{"href":"https:\/\/comunicacion.davivienda.com.sv\/registro-soluciones-empresariales\/wp-json\/wp\/v2\/pages\/270","targetHints":{"allow":["GET"]}}],"collection":[{"href":"https:\/\/comunicacion.davivienda.com.sv\/registro-soluciones-empresariales\/wp-json\/wp\/v2\/pages"}],"about":[{"href":"https:\/\/comunicacion.davivienda.com.sv\/registro-soluciones-empresariales\/wp-json\/wp\/v2\/types\/page"}],"author":[{"embeddable":true,"href":"https:\/\/comunicacion.davivienda.com.sv\/registro-soluciones-empresariales\/wp-json\/wp\/v2\/users\/1"}],"replies":[{"embeddable":true,"href":"https:\/\/comunicacion.davivienda.com.sv\/registro-soluciones-empresariales\/wp-json\/wp\/v2\/comments?post=270"}],"version-history":[{"count":32,"href":"https:\/\/comunicacion.davivienda.com.sv\/registro-soluciones-empresariales\/wp-json\/wp\/v2\/pages\/270\/revisions"}],"predecessor-version":[{"id":314,"href":"https:\/\/comunicacion.davivienda.com.sv\/registro-soluciones-empresariales\/wp-json\/wp\/v2\/pages\/270\/revisions\/314"}],"wp:attachment":[{"href":"https:\/\/comunicacion.davivienda.com.sv\/registro-soluciones-empresariales\/wp-json\/wp\/v2\/media?parent=270"}],"curies":[{"name":"wp","href":"https:\/\/api.w.org\/{rel}","templated":true}]}}