{"id":175,"date":"2020-10-09T21:26:45","date_gmt":"2020-10-09T21:26:45","guid":{"rendered":"https:\/\/comunicacion.davivienda.com.sv\/cobranza\/?page_id=175"},"modified":"2023-02-09T04:23:33","modified_gmt":"2023-02-09T04:23:33","slug":"solicitelo-aqui","status":"publish","type":"page","link":"https:\/\/comunicacion.davivienda.com.sv\/cobranza\/solicitelo-aqui\/","title":{"rendered":"Solic\u00edtelo aqu\u00ed"},"content":{"rendered":"<div class=\"fusion-fullwidth fullwidth-box fusion-builder-row-1 fusion-flex-container fusion-parallax-none hundred-percent-fullwidth non-hundred-percent-height-scrolling\" style=\"background-color: rgba(0,0,0,0.68);background-image: url(&quot;https:\/\/comunicacion.davivienda.com.sv\/cobranza\/wp-content\/uploads\/2023\/02\/6dd2ec33-0587-4d7b-8e87-8bf98db17e19_landing-bg-scaled.jpg&quot;);background-image:linear-gradient(180deg, #424242 0%,rgba(255,255,255,0) 100%),url(https:\/\/comunicacion.davivienda.com.sv\/cobranza\/wp-content\/uploads\/2023\/02\/6dd2ec33-0587-4d7b-8e87-8bf98db17e19_landing-bg-scaled.jpg);background-position: center center;background-repeat: no-repeat;border-width: 0px 0px 0px 0px;border-color:#e2e2e2;border-style:solid;-webkit-background-size:cover;-moz-background-size:cover;-o-background-size:cover;background-size:cover;\" ><div class=\"fusion-builder-row fusion-row fusion-flex-align-items-flex-start fusion-flex-justify-content-center\" style=\"width:104% !important;max-width:104% !important;margin-left: calc(-4% \/ 2 );margin-right: calc(-4% \/ 2 );\"><div class=\"fusion-layout-column fusion_builder_column fusion-builder-column-0 fusion_builder_column_1_3 1_3 fusion-flex-column\"><div class=\"fusion-column-wrapper fusion-flex-justify-content-flex-start fusion-content-layout-column\" style=\"background-position:left top;background-repeat:no-repeat;-webkit-background-size:cover;-moz-background-size:cover;-o-background-size:cover;background-size:cover;padding: 0px 0px 0px 0px;\"><div style=\"text-align:center;\"><style>.fusion-imageframe.imageframe-1{ margin-bottom : 60px;}<\/style><span class=\" fusion-imageframe imageframe-none imageframe-1 hover-type-none\" style=\"max-width:420px;\"><img decoding=\"async\" width=\"698\" height=\"141\" title=\"{7b15064a-e3f9-40ce-8a2b-d5a3f9b7fa76}_logo\" src=\"https:\/\/comunicacion.davivienda.com.sv\/cobranza\/wp-content\/uploads\/2023\/02\/7b15064a-e3f9-40ce-8a2b-d5a3f9b7fa76_logo.png\" alt class=\"img-responsive wp-image-421\" srcset=\"https:\/\/comunicacion.davivienda.com.sv\/cobranza\/wp-content\/uploads\/2023\/02\/7b15064a-e3f9-40ce-8a2b-d5a3f9b7fa76_logo-200x40.png 200w, https:\/\/comunicacion.davivienda.com.sv\/cobranza\/wp-content\/uploads\/2023\/02\/7b15064a-e3f9-40ce-8a2b-d5a3f9b7fa76_logo-400x81.png 400w, https:\/\/comunicacion.davivienda.com.sv\/cobranza\/wp-content\/uploads\/2023\/02\/7b15064a-e3f9-40ce-8a2b-d5a3f9b7fa76_logo-600x121.png 600w, https:\/\/comunicacion.davivienda.com.sv\/cobranza\/wp-content\/uploads\/2023\/02\/7b15064a-e3f9-40ce-8a2b-d5a3f9b7fa76_logo.png 698w\" sizes=\"(max-width: 1280px) 100vw, 400px\" \/><\/span><\/div><style type=\"text\/css\">@media only screen and (max-width:1280px) {.fusion-title.fusion-title-1{margin-top:!important; margin-right:0px!important;margin-bottom:20px!important;margin-left:0px!important;}}@media only screen and (max-width:1280px) {.fusion-title.fusion-title-1{margin-top:!important; margin-right:0px!important;margin-bottom:10px!important; margin-left:0px!important;}}<\/style><div class=\"fusion-title title fusion-title-1 fusion-sep-none fusion-title-center fusion-title-text fusion-title-size-two\" style=\"margin-right:0px;margin-bottom:20px;margin-left:0px;\"><h2 class=\"title-heading-center fusion-responsive-typography-calculated\" style=\"margin:0;color:#ffffff;--fontSize:42;line-height:1;\"><p>MANTENGA SU CR\u00c9DITO AL D\u00cdA<br \/>\n<strong>SIN TENER QUE PENSAR EN LOS PAGOS<\/strong><\/p><\/h2><\/div><div class=\"fusion-builder-row fusion-builder-row-inner fusion-row fusion-flex-align-items-flex-start fusion-flex-justify-content-center\" style=\"width:104% !important;max-width:104% !important;margin-left: calc(-4% \/ 2 );margin-right: calc(-4% \/ 2 );\"><div class=\"fusion-layout-column fusion_builder_column_inner fusion-builder-nested-column-0 fusion_builder_column_inner_1_1 1_1 fusion-flex-column\"><div class=\"fusion-column-wrapper fusion-flex-justify-content-flex-start fusion-content-layout-column\" style=\"background-position:left top;background-repeat:no-repeat;-webkit-background-size:cover;-moz-background-size:cover;-o-background-size:cover;background-size:cover;background-color:var(--awb-color1);padding: 30px 30px 30px 30px;\">\n<div class=\"wpcf7 no-js\" id=\"wpcf7-f178-o1\" lang=\"es-ES\" dir=\"ltr\">\n<div class=\"screen-reader-response\"><p role=\"status\" aria-live=\"polite\" aria-atomic=\"true\"><\/p> <ul><\/ul><\/div>\n<form action=\"\/cobranza\/wp-json\/wp\/v2\/pages\/175#wpcf7-f178-o1\" method=\"post\" class=\"wpcf7-form init\" aria-label=\"Formulario de contacto\" novalidate=\"novalidate\" data-status=\"init\">\n<div style=\"display: none;\">\n<input type=\"hidden\" name=\"_wpcf7\" value=\"178\" \/>\n<input type=\"hidden\" name=\"_wpcf7_version\" value=\"5.7.3\" \/>\n<input type=\"hidden\" name=\"_wpcf7_locale\" value=\"es_ES\" \/>\n<input type=\"hidden\" name=\"_wpcf7_unit_tag\" value=\"wpcf7-f178-o1\" \/>\n<input type=\"hidden\" name=\"_wpcf7_container_post\" value=\"0\" \/>\n<input type=\"hidden\" name=\"_wpcf7_posted_data_hash\" value=\"\" \/>\n<input type=\"hidden\" name=\"_wpcf7cf_hidden_group_fields\" value=\"[]\" \/>\n<input type=\"hidden\" name=\"_wpcf7cf_hidden_groups\" value=\"[]\" \/>\n<input type=\"hidden\" name=\"_wpcf7cf_visible_groups\" value=\"[]\" \/>\n<input type=\"hidden\" name=\"_wpcf7cf_repeaters\" value=\"[]\" \/>\n<input type=\"hidden\" name=\"_wpcf7cf_steps\" value=\"{}\" \/>\n<input type=\"hidden\" name=\"_wpcf7cf_options\" value=\"{&quot;form_id&quot;:178,&quot;conditions&quot;:[{&quot;then_field&quot;:&quot;domiciliacion&quot;,&quot;and_rules&quot;:[{&quot;if_field&quot;:&quot;menu-82&quot;,&quot;operator&quot;:&quot;equals&quot;,&quot;if_value&quot;:&quot;Domiciliaci\\u00f3n de pago&quot;}]},{&quot;then_field&quot;:&quot;descuento&quot;,&quot;and_rules&quot;:[{&quot;if_field&quot;:&quot;menu-82&quot;,&quot;operator&quot;:&quot;equals&quot;,&quot;if_value&quot;:&quot;Activaci\\u00f3n Orden irrevocable de descuento&quot;}]},{&quot;then_field&quot;:&quot;estado&quot;,&quot;and_rules&quot;:[{&quot;if_field&quot;:&quot;menu-82&quot;,&quot;operator&quot;:&quot;equals&quot;,&quot;if_value&quot;:&quot;Env\\u00edo de Estado de cuenta&quot;}]}],&quot;settings&quot;:{&quot;animation&quot;:&quot;yes&quot;,&quot;animation_intime&quot;:200,&quot;animation_outtime&quot;:200,&quot;conditions_ui&quot;:&quot;normal&quot;,&quot;notice_dismissed&quot;:false}}\" \/>\n<\/div>\n<p><label><strong>Nombre seg\u00fan DUI<\/strong><br \/>\n<span class=\"wpcf7-form-control-wrap\" data-name=\"nombre\"><input size=\"40\" class=\"wpcf7-form-control wpcf7-text\" aria-invalid=\"false\" placeholder=\"Escriba aqu\u00ed\" value=\"\" type=\"text\" name=\"nombre\" \/><\/span><\/label>\n<\/p>\n<p><label><strong>Tipo de ID<\/strong><br \/>\n<span class=\"wpcf7-form-control-wrap\" data-name=\"id\"><select class=\"wpcf7-form-control wpcf7-select\" aria-invalid=\"false\" name=\"id\"><option value=\"DUI\">DUI<\/option><option value=\"Pasaporte\">Pasaporte<\/option><option value=\"Carnet de residente\">Carnet de residente<\/option><\/select><\/span><\/label>\n<\/p>\n<p><label><strong>N\u00famero de identificaci\u00f3n<\/strong><br \/>\n<span class=\"wpcf7-form-control-wrap\" data-name=\"id-number\"><input size=\"40\" class=\"wpcf7-form-control wpcf7-text\" aria-invalid=\"false\" placeholder=\"012345678\" value=\"\" type=\"text\" name=\"id-number\" \/><\/span><\/label>\n<\/p>\n<p><label><strong>Direcci\u00f3n de correo electr\u00f3nico<\/strong><br \/>\n<span class=\"wpcf7-form-control-wrap\" data-name=\"email-620\"><input size=\"40\" class=\"wpcf7-form-control wpcf7-text wpcf7-email wpcf7-validates-as-email\" aria-invalid=\"false\" placeholder=\"Escriba aqu\u00ed\" value=\"\" type=\"email\" name=\"email-620\" \/><\/span><\/label>\n<\/p>\n<p><label><strong>Tel\u00e9fono de contacto<\/strong><br \/>\n<span class=\"wpcf7-form-control-wrap\" data-name=\"tel-500\"><input size=\"40\" class=\"wpcf7-form-control wpcf7-text wpcf7-tel wpcf7-validates-as-tel\" aria-invalid=\"false\" placeholder=\"Escriba aqu\u00ed\" value=\"\" type=\"tel\" name=\"tel-500\" \/><\/span><\/label>\n<\/p>\n<p><label><\/label>\n<\/p>\n<h3 style=\"color: #dd141d; margin-bottom: 20px;\">\u00bfQu\u00e9 servicio desea solicitar?\n<\/h3>\n<p><span class=\"wpcf7-form-control-wrap\" data-name=\"menu-82\"><select class=\"wpcf7-form-control wpcf7-select wpcf7-validates-as-required contact-form1\" aria-required=\"true\" aria-invalid=\"false\" name=\"menu-82\"><option value=\"\">-- Seleccione --<\/option><option value=\"Domiciliaci\u00f3n de pago\">Domiciliaci\u00f3n de pago<\/option><option value=\"Activaci\u00f3n Orden irrevocable de descuento\">Activaci\u00f3n Orden irrevocable de descuento<\/option><option value=\"Env\u00edo de Estado de cuenta\">Env\u00edo de Estado de cuenta<\/option><\/select><\/span>\n<\/p>\n<div data-id=\"domiciliacion\" data-orig_data_id=\"domiciliacion\"  data-class=\"wpcf7cf_group\">\n\t<p><label>\n\t\t\t<center><strong>Tipo de Producto que desea domiciliar:<\/strong>\n\t\t\t<\/center><br \/>\n<span class=\"wpcf7-form-control-wrap\" data-name=\"producto-domiciliar\"><select class=\"wpcf7-form-control wpcf7-select\" aria-invalid=\"false\" name=\"producto-domiciliar\"><option value=\"Selecciona uno\">Selecciona uno<\/option><option value=\"Cr\u00e9dito\">Cr\u00e9dito<\/option><option value=\"Tarjeta de Cr\u00e9dito\">Tarjeta de Cr\u00e9dito<\/option><\/select><\/span><\/label>\n\t<\/p>\n\t<p><label><span class=\"wpcf7-form-control-wrap\" data-name=\"acceptance-domiciliar\"><span class=\"wpcf7-form-control wpcf7-acceptance optional\"><span class=\"wpcf7-list-item\"><label><input type=\"checkbox\" name=\"acceptance-domiciliar\" value=\"1\" aria-invalid=\"false\" \/><span class=\"wpcf7-list-item-label\">*Manifiesto que he le\u00eddo todas las indicaciones y que los datos contenidos en el presente formulario son ver\u00eddicos, y autorizo a Banco Davivienda Salvadore\u00f1o S.A. para verificar dicha informaci\u00f3n si lo considera necesario. Condiciones sujetas a comprobaci\u00f3n de ingresos y pol\u00edticas crediticias y regulaci\u00f3n aplicable vigente.<\/span><\/label><\/span><\/span><\/span><\/label>\n\t<\/p>\n<\/div>\n<div data-id=\"descuento\" data-orig_data_id=\"descuento\"  data-class=\"wpcf7cf_group\">\n\t<p><label><span class=\"wpcf7-form-control-wrap\" data-name=\"acceptance-descuento\"><span class=\"wpcf7-form-control wpcf7-acceptance optional\"><span class=\"wpcf7-list-item\"><label><input type=\"checkbox\" name=\"acceptance-descuento\" value=\"1\" aria-invalid=\"false\" \/><span class=\"wpcf7-list-item-label\">La solicitud de la Orden irrevocable de descuento se realizar\u00e1 por el monto completo de la cuota acordada en su pr\u00e9stamo.<\/span><\/label><\/span><\/span><\/span><\/label>\n\t<\/p>\n<\/div>\n<div data-id=\"estado\" data-orig_data_id=\"estado\"  data-class=\"wpcf7cf_group\">\n\t<p><label>\n\t\t\t<center><strong>Seleccione el mes del estado de cuenta<\/strong>\n\t\t\t<\/center><br \/>\n<span class=\"wpcf7-form-control-wrap\" data-name=\"mes-estado\"><select class=\"wpcf7-form-control wpcf7-select\" aria-invalid=\"false\" name=\"mes-estado\"><option value=\"Selecciona un mes\">Selecciona un mes<\/option><option value=\"Enero\">Enero<\/option><option value=\"Febrero\">Febrero<\/option><option value=\"Marzo\">Marzo<\/option><option value=\"Abril\">Abril<\/option><option value=\"Mayo\">Mayo<\/option><option value=\"Junio\">Junio<\/option><option value=\"Julio\">Julio<\/option><option value=\"Agosto\">Agosto<\/option><option value=\"Septiembre\">Septiembre<\/option><option value=\"Octubre\">Octubre<\/option><option value=\"Noviembre\">Noviembre<\/option><option value=\"Diciembre\">Diciembre<\/option><\/select><\/span><\/label>\n\t<\/p>\n\t<p><label><span class=\"wpcf7-form-control-wrap\" data-name=\"acceptance-estado\"><span class=\"wpcf7-form-control wpcf7-acceptance optional\"><span class=\"wpcf7-list-item\"><label><input type=\"checkbox\" name=\"acceptance-estado\" value=\"1\" aria-invalid=\"false\" \/><span class=\"wpcf7-list-item-label\">*Manifiesto que he le\u00eddo todas las indicaciones y que los datos contenidos en el presente formulario son ver\u00eddicos, y autorizo a Banco Davivienda Salvadore\u00f1o S.A. para verificar dicha informaci\u00f3n si lo considera necesario. Condiciones sujetas a comprobaci\u00f3n de ingresos y pol\u00edticas crediticias y regulaci\u00f3n aplicable vigente.<\/span><\/label><\/span><\/span><\/span><\/label>\n\t<\/p>\n<\/div>\n<hr \/>\n<p><label><span class=\"wpcf7-form-control-wrap\" data-name=\"acceptance-tc\"><span class=\"wpcf7-form-control wpcf7-acceptance\"><span class=\"wpcf7-list-item\"><label><input type=\"checkbox\" name=\"acceptance-tc\" value=\"1\" aria-invalid=\"false\" \/><span class=\"wpcf7-list-item-label\"><strong>Acepto T\u00e9rminos y condiciones.<\/strong><\/span><\/label><\/span><\/span><\/span><\/label>\n<\/p>\n<p><input class=\"wpcf7-form-control has-spinner wpcf7-submit\" type=\"submit\" value=\"ACEPTAR\" \/>\n<\/p><input type='hidden' class='wpcf7-pum' value='{\"closepopup\":false,\"closedelay\":0,\"openpopup\":false,\"openpopup_id\":0}' \/><div class=\"fusion-alert alert custom alert-custom fusion-alert-center wpcf7-response-output alert-dismissable\" style=\"border-width:1px;\"><button type=\"button\" class=\"close toggle-alert\" data-dismiss=\"alert\" aria-label=\"Close\">&times;<\/button><div class=\"fusion-alert-content-wrapper\"><span class=\"fusion-alert-content\"><\/span><\/div><\/div>\n<\/form>\n<\/div>\n<\/div><style type=\"text\/css\">.fusion-body .fusion-builder-nested-column-0{width:100% !important;margin-bottom : 0px;}.fusion-builder-nested-column-0 > .fusion-column-wrapper {padding-top : 30px !important;padding-right : 30px !important;margin-right : 1.92%;padding-bottom : 30px !important;padding-left : 30px !important;margin-left : 1.92%;}@media only screen and (max-width:1280px) {.fusion-body .fusion-builder-nested-column-0{width:100% !important;order : 0;}.fusion-builder-nested-column-0 > .fusion-column-wrapper {margin-right : 1.92%;margin-left : 1.92%;}}@media only screen and (max-width:1280px) {.fusion-body .fusion-builder-nested-column-0{width:100% !important;order : 0;}.fusion-builder-nested-column-0 > .fusion-column-wrapper {margin-right : 1.92%;margin-left : 1.92%;}}<\/style><\/div><\/div><\/div><style type=\"text\/css\">.fusion-body .fusion-builder-column-0{width:33.333333333333% !important;margin-bottom : 15px;}.fusion-builder-column-0 > .fusion-column-wrapper {padding-top : 0px !important;padding-right : 0px !important;margin-right : 5.76%;padding-bottom : 0px !important;padding-left : 0px !important;margin-left : 5.76%;}@media only screen and (max-width:1280px) {.fusion-body .fusion-builder-column-0{width:40% !important;order : 0;}.fusion-builder-column-0 > .fusion-column-wrapper {margin-right : 4.8%;margin-left : 4.8%;}}@media only screen and (max-width:1280px) {.fusion-body .fusion-builder-column-0{width:100% !important;order : 0;}.fusion-builder-column-0 > .fusion-column-wrapper {margin-right : 1.92%;margin-left : 1.92%;}}<\/style><\/div><\/div><style type=\"text\/css\">.fusion-body .fusion-flex-container.fusion-builder-row-1{ padding-top : 0px;margin-top : 0px;padding-right : 0px;padding-bottom : 40px;margin-bottom : 0px;padding-left : 0px;}<\/style><\/div>\n","protected":false},"excerpt":{"rendered":"","protected":false},"author":1,"featured_media":0,"parent":0,"menu_order":0,"comment_status":"closed","ping_status":"closed","template":"100-width.php","meta":{"footnotes":""},"_links":{"self":[{"href":"https:\/\/comunicacion.davivienda.com.sv\/cobranza\/wp-json\/wp\/v2\/pages\/175"}],"collection":[{"href":"https:\/\/comunicacion.davivienda.com.sv\/cobranza\/wp-json\/wp\/v2\/pages"}],"about":[{"href":"https:\/\/comunicacion.davivienda.com.sv\/cobranza\/wp-json\/wp\/v2\/types\/page"}],"author":[{"embeddable":true,"href":"https:\/\/comunicacion.davivienda.com.sv\/cobranza\/wp-json\/wp\/v2\/users\/1"}],"replies":[{"embeddable":true,"href":"https:\/\/comunicacion.davivienda.com.sv\/cobranza\/wp-json\/wp\/v2\/comments?post=175"}],"version-history":[{"count":31,"href":"https:\/\/comunicacion.davivienda.com.sv\/cobranza\/wp-json\/wp\/v2\/pages\/175\/revisions"}],"predecessor-version":[{"id":430,"href":"https:\/\/comunicacion.davivienda.com.sv\/cobranza\/wp-json\/wp\/v2\/pages\/175\/revisions\/430"}],"wp:attachment":[{"href":"https:\/\/comunicacion.davivienda.com.sv\/cobranza\/wp-json\/wp\/v2\/media?parent=175"}],"curies":[{"name":"wp","href":"https:\/\/api.w.org\/{rel}","templated":true}]}}